{"id":53,"date":"2025-05-01T16:30:13","date_gmt":"2025-05-01T19:30:13","guid":{"rendered":"http:\/\/fabriek.com.br\/?page_id=53"},"modified":"2025-05-06T15:18:30","modified_gmt":"2025-05-06T18:18:30","slug":"fa-briek-fabrica-de-solucoes","status":"publish","type":"page","link":"https:\/\/fabriek.com.br\/","title":{"rendered":"FA-BRIEK &#8211; F\u00e1brica de Solu\u00e7\u00f5es"},"content":{"rendered":"\n<div class=\"wp-block-columns is-layout-flex wp-container-core-columns-is-layout-9d6595d7 wp-block-columns-is-layout-flex\">\n<div class=\"wp-block-column is-layout-flow wp-block-column-is-layout-flow\" style=\"flex-basis:66.66%\">\n<p class=\"has-small-font-size\">Na <strong>FA-BRIEK<\/strong>, transformamos suas ideias em projetos concretos de adapta\u00e7\u00e3o clim\u00e1tica e regenera\u00e7\u00e3o urbana. Unimos mais de 20 anos de experi\u00eancia internacional com metodologias inovadoras, processos otimizados por intelig\u00eancia artificial e um profundo entendimento da realidade urbana.<\/p>\n\n\n\n<blockquote class=\"wp-block-quote is-layout-flow wp-block-quote-is-layout-flow\">\n<p>Transformamos sua ideia em um projeto concreto.<\/p>\n<\/blockquote>\n\n\n\n<p class=\"has-small-font-size\">As nossas solu\u00e7\u00f5es s\u00e3o:<\/p>\n\n\n\n<ul class=\"wp-block-list\">\n<li class=\"has-small-font-size\"><strong>Estruturadas e financi\u00e1veis<\/strong>: definimos cada etapa do projeto, garantimos viabilidade t\u00e9cnica e apoiamos no acesso a linhas de financiamento.<\/li>\n\n\n\n<li class=\"has-small-font-size\"><strong>Focadas em alto impacto<\/strong>: traduzi\u00ad\u00ad\u00ad\u00ad\u00ad\u00ad\u00ad\u00ad\u00ad\u00ad\u00ad\u00ad\u00ad\u00ad\u00ad\u00ad\u00ad\u00ad\u00ad\u00ad\u00ad\u00ad\u00ad\u00ad\u00ad\u00adr ideias em interven\u00e7\u00f5es, focando nas interven\u00e7\u00f5es que gerem impacto. Assim tornamos cidades mais verdes, resilientes e preparadas para os desafios clim\u00e1ticos.<\/li>\n\n\n\n<li class=\"has-small-font-size\"><strong>Adaptadas \u00e0 sua realidade<\/strong>: apoiamos governos locais, profissionais e organiza\u00e7\u00f5es comunit\u00e1rias \u2014 mesmo com equipes enxutas e prazos curtos \u2014 com know-how profundo do contexto urbano e ambiental.<\/li>\n<\/ul>\n\n\n\n<p class=\"has-small-font-size\"><strong>N\u00f3s aceleramos cada etapa.<\/strong> Com processos \u00e1geis, parcerias estrat\u00e9gicas e experi\u00eancia comprovada, fazemos sair seus projetos do papel e chegar ao mundo real.<\/p>\n<\/div>\n\n\n\n<div class=\"wp-block-column is-layout-flow wp-block-column-is-layout-flow\" style=\"flex-basis:33.33%\">\n<h2 class=\"wp-block-heading has-small-font-size\"><strong>Em destaque<\/strong><\/h2>\n\n\n\n<p class=\"has-small-font-size\"><a href=\"http:\/\/fabriek.com.br\/?page_id=240\" data-type=\"page\" data-id=\"240\">White Paper: O Custo da Ina\u00e7\u00e3o em projetos de resili\u00eancia urbana<\/a><\/p>\n\n\n\n<h2 class=\"wp-block-heading has-small-font-size\"><strong>Radar de editais<\/strong><\/h2>\n\n\n\n<p class=\"has-small-font-size\"><strong>Em breve.<\/strong> Estamos preparando algo especial para transformar ideias em a\u00e7\u00e3o. Fique de olho! \ud83c\udf31\u23f3<\/p>\n\n\n\n<h2 class=\"wp-block-heading has-small-font-size\"><strong>BLOG<\/strong><\/h2>\n\n\n<ul class=\"wp-block-latest-posts__list wp-block-latest-posts has-small-font-size\"><li><a class=\"wp-block-latest-posts__post-title\" href=\"https:\/\/fabriek.com.br\/?p=297\">Ondas de calor e seca: os inimigos invis\u00edveis<\/a><div class=\"wp-block-latest-posts__post-excerpt\">Ondas de calor e secas parecem silenciosas, mas drenam or\u00e7amentos p\u00fablicos, lotam hospitais e reduzem a produtividade local. A boa not\u00edcia? Cada real colocado em &hellip; <p class=\"link-more\"><a href=\"https:\/\/fabriek.com.br\/?p=297\" class=\"more-link\">Continue reading<span class=\"screen-reader-text\"> &#8220;Ondas de calor e seca: os inimigos invis\u00edveis&#8221;<\/span><\/a><\/p><\/div><\/li>\n<li><a class=\"wp-block-latest-posts__post-title\" href=\"https:\/\/fabriek.com.br\/?p=279\">Recife 2022: o caso que mostra por que a resili\u00eancia n\u00e3o pode esperar<\/a><div class=\"wp-block-latest-posts__post-excerpt\">Entre 24 de maio e 7 de junho de 2022, chuvas torrenciais castigaram a Regi\u00e3o Metropolitana do Recife e deixaram 133 mortos. Hoje \u2014 quase &hellip; <p class=\"link-more\"><a href=\"https:\/\/fabriek.com.br\/?p=279\" class=\"more-link\">Continue reading<span class=\"screen-reader-text\"> &#8220;Recife 2022: o caso que mostra por que a resili\u00eancia n\u00e3o pode esperar&#8221;<\/span><\/a><\/p><\/div><\/li>\n<li><a class=\"wp-block-latest-posts__post-title\" href=\"https:\/\/fabriek.com.br\/?p=276\">O cen\u00e1rio nacional da ina\u00e7\u00e3o: n\u00fameros que n\u00e3o podem ser ignorados<\/a><div class=\"wp-block-latest-posts__post-excerpt\">Voc\u00ea deixaria um cano estourado vazando por anos dentro da sua casa, sabendo que a conta s\u00f3 vai subir? Pois \u00e9 isso que est\u00e1 acontecendo &hellip; <p class=\"link-more\"><a href=\"https:\/\/fabriek.com.br\/?p=276\" class=\"more-link\">Continue reading<span class=\"screen-reader-text\"> &#8220;O cen\u00e1rio nacional da ina\u00e7\u00e3o: n\u00fameros que n\u00e3o podem ser ignorados&#8221;<\/span><\/a><\/p><\/div><\/li>\n<\/ul><\/div>\n<\/div>\n\n\n\n<hr class=\"wp-block-separator has-alpha-channel-opacity is-style-default\"\/>\n\n\n\n<h2 class=\"wp-block-heading\"><strong>Fique por dentro.<\/strong><\/h2>\n\n\n\n<p class=\"has-small-font-size\">Assine nossa newsletter e receba atualiza\u00e7\u00f5es sobre oportunidades de financiamento, novas ferramentas, publica\u00e7\u00f5es exclusivas e insights pr\u00e1ticos para tirar seus projetos de resili\u00eancia do papel.<\/p>\n\n\n\n<iframe loading=\"lazy\" src=\"https:\/\/embeds.beehiiv.com\/ca8c2adf-7097-466f-bd65-89bcdbcd0664\" data-test-id=\"beehiiv-embed\" width=\"100%\" height=\"320\" frameborder=\"0\" scrolling=\"no\" style=\"border-radius: 4px; border: 2px solid #e5e7eb; margin: 0; background-color: transparent;\"><\/iframe>\n","protected":false},"excerpt":{"rendered":"<p>Na FA-BRIEK, transformamos suas ideias em projetos concretos de adapta\u00e7\u00e3o clim\u00e1tica e regenera\u00e7\u00e3o urbana. Unimos mais de 20 anos de experi\u00eancia internacional com metodologias inovadoras, processos otimizados por intelig\u00eancia artificial e um profundo entendimento da realidade urbana. Transformamos sua ideia em um projeto concreto. As nossas solu\u00e7\u00f5es s\u00e3o: N\u00f3s aceleramos cada etapa. Com processos \u00e1geis, &hellip; <\/p>\n<p class=\"link-more\"><a href=\"https:\/\/fabriek.com.br\/\" class=\"more-link\">Continue reading<span class=\"screen-reader-text\"> &#8220;FA-BRIEK &#8211; F\u00e1brica de Solu\u00e7\u00f5es&#8221;<\/span><\/a><\/p>\n","protected":false},"author":1,"featured_media":0,"parent":0,"menu_order":0,"comment_status":"closed","ping_status":"closed","template":"","meta":{"_joinchat":[],"footnotes":""},"class_list":["post-53","page","type-page","status-publish","hentry"],"_links":{"self":[{"href":"https:\/\/fabriek.com.br\/index.php?rest_route=\/wp\/v2\/pages\/53","targetHints":{"allow":["GET"]}}],"collection":[{"href":"https:\/\/fabriek.com.br\/index.php?rest_route=\/wp\/v2\/pages"}],"about":[{"href":"https:\/\/fabriek.com.br\/index.php?rest_route=\/wp\/v2\/types\/page"}],"author":[{"embeddable":true,"href":"https:\/\/fabriek.com.br\/index.php?rest_route=\/wp\/v2\/users\/1"}],"replies":[{"embeddable":true,"href":"https:\/\/fabriek.com.br\/index.php?rest_route=%2Fwp%2Fv2%2Fcomments&post=53"}],"version-history":[{"count":19,"href":"https:\/\/fabriek.com.br\/index.php?rest_route=\/wp\/v2\/pages\/53\/revisions"}],"predecessor-version":[{"id":293,"href":"https:\/\/fabriek.com.br\/index.php?rest_route=\/wp\/v2\/pages\/53\/revisions\/293"}],"wp:attachment":[{"href":"https:\/\/fabriek.com.br\/index.php?rest_route=%2Fwp%2Fv2%2Fmedia&parent=53"}],"curies":[{"name":"wp","href":"https:\/\/api.w.org\/{rel}","templated":true}]}}